11, 37, 2243
What are the prime factors of 9149238?
2, 3, 7, 72613
List the prime factors of 280555.
5, 11, 5101
List the prime factors of 23456757.
3, 23, 61, 5573
List the prime factors of 649066.
2, 11, 163, 181
List the prime factors of 279946.
2, 19, 53, 139
What are the prime factors of 1784374?
2, 239, 3733
List the prime factors of 2743223.
7, 391889
What are the prime factors of 1700875?
5, 11, 1237
What are the prime factors of 2176771?
2176771
What are the prime factors of 40406?
2, 89, 227
What are the prime factors of 5713?
29, 197
List the prime factors of 21872764.
2, 181, 30211
List the prime factors of 431967.
3, 109, 1321
What are the prime factors of 223573?
7, 19, 41
List the prime factors of 6968922.
2, 3, 1161487
List the prime factors of 334562.
2, 409
List the prime factors of 2124901.
23, 92387
List the prime factors of 32750172.
2, 3, 7, 13, 769
List the prime factors of 251340.
2, 3, 5, 59, 71
List the prime factors of 3048251.
167, 18253
What are the prime factors of 23485?
5, 7, 11, 61
What are the prime factors of 5002656?
2, 3, 31, 41
List the prime factors of 913669.
499, 1831
List the prime factors of 700824.
2, 3, 29201
What are the prime factors of 683232?
2, 3, 11, 647
List the prime factors of 7077087.
3, 107, 7349
What are the prime factors of 3056561?
3056561
List the prime factors of 359966.
2, 211, 853
List the prime factors of 7669672.
2, 23, 73, 571
What are the prime factors of 15011?
17, 883
List the prime factors of 2021948.
2, 499, 1013
What are the prime factors of 108254?
2, 113, 479
What are the prime factors of 864191?
864191
List the prime factors of 2774609.
71, 39079
List the prime factors of 688126.
2, 17, 37, 547
What are the prime factors of 265419?
3, 7, 11, 383
What are the prime factors of 98545?
5, 19709
List the prime factors of 662395.
5, 137, 967
List the prime factors of 2086659.
3, 47, 4933
What are the prime factors of 245145?
3, 5, 59, 277
List the prime factors of 4403125.
5, 1409
List the prime factors of 85625.
5, 137
What are the prime factors of 278876?
2, 13, 31, 173
What are the prime factors of 458251?
43, 10657
List the prime factors of 200321.
11, 18211
What are the prime factors of 276320?
2, 5, 11, 157
List the prime factors of 300885.
3, 5, 13, 1543
What are the prime factors of 830334?
2, 3, 138389
List the prime factors of 417364.
2, 151, 691
What are the prime factors of 60157?
43, 1399
What are the prime factors of 4760082?
2, 3, 67, 3947
What are the prime factors of 588035?
5, 7, 53, 317
What are the prime factors of 4869353?
23, 211711
What are the prime factors of 832154?
2, 416077
List the prime factors of 1582098.
2, 3, 7, 139, 271
What are the prime factors of 5222525?
5, 7, 11, 2713
List the prime factors of 4733939.
7, 17, 5683
List the prime factors of 12387580.
2, 5, 127, 4877
What are the prime factors of 1052658?
2, 3, 58481
What are the prime factors of 2975497?
7, 425071
List the prime factors of 1654086.
2, 3, 7, 39383
What are the prime factors of 7672163?
7672163
What are the prime factors of 15084520?
2, 5, 11, 34283
What are the prime factors of 152537?
7, 11, 283
What are the prime factors of 2696979?
3, 857, 1049
List the prime factors of 257550.
2, 3, 5, 17, 101
What are the prime factors of 106824?
2, 3, 4451
What are the prime factors of 3990298?
2, 13, 167, 919
List the prime factors of 353565.
3, 5, 97
What are the prime factors of 15887852?
2, 3971963
List the prime factors of 211495.
5, 42299
What are the prime factors of 511446?
2, 3, 13, 79, 83
What are the prime factors of 4815298?
2, 131, 18379
List the prime factors of 1267922.
2, 633961
List the prime factors of 50534.
2, 11, 2297
List the prime factors of 231108.
2, 3, 19259
What are the prime factors of 25313476?
2, 17, 37, 10061
What are the prime factors of 981774?
2, 3, 18181
What are the prime factors of 74600?
2, 5, 373
List the prime factors of 12684590.
2, 5, 19, 101, 661
List the prime factors of 441570.
2, 3, 5, 41, 359
What are the prime factors of 1289494?
2, 644747
List the prime factors of 4075795.
5, 815159
List the prime factors of 4698536.
2, 241, 2437
What are the prime factors of 1005522?
2, 3, 7, 89, 269
What are the prime factors of 303541?
7, 103, 421
What are the prime factors of 62983?
62983
List the prime factors of 1713356.
2, 428339
What are the prime factors of 27359019?
3, 31, 32687
List the prime factors of 437971.
17, 25763
What are the prime factors of 2992892?
2, 7, 89, 1201
What are the prime factors of 525355?
5, 105071
What are the prime factors of 8311340?
2, 5, 415567
What are the prime factors of 391059?
3, 43451
List the prime factors of 11679155.
5, 1091, 2141
List the prime factors of 3818396.
2, 954599
List the prime factors of 4543696.
2, 23, 12347
List the prime factors of 160838.
2, 137, 587
List the prime factors of 475305.
3, 5, 31687
What are the prime factors of 1438183?
17, 31, 2729
What are the prime factors of 406805?
5, 7, 59, 197
List the prime factors of 662673.
3, 11, 43, 467
What are the prime factors of 118224?
2, 3, 821
What are the prime factors of 3354139?
149, 22511
What are the prime factors of 1492767?
3, 47, 3529
What are the prime factors of 22270592?
2, 257, 677
List the prime factors of 3703913.
89, 41617
What are the prime factors of 332903?
332903
List the prime factors of 6773363.
101, 199, 337
List the prime factors of 1618846.
2, 809423
List the prime factors of 871262.
2, 7, 62233
List the prime factors of 16522853.
1621, 10193
What are the prime factors of 6829734?
2, 3, 31, 73, 503
What are the prime factors of 5265946?
2, 7, 227, 1657
List the prime factors of 295677.
3, 47, 233
List the prime factors of 219538.
2, 11, 17, 587
List the prime factors of 623855.
5, 124771
List the prime factors of 214534.
2, 67, 1601
List the prime factors of 18011098.
2, 7, 821, 1567
What are the prime factors of 2541038?
2, 29, 193, 227
List the prime factors of 13341031.
11, 41, 29581
List the prime factors of 2037275.
5, 19, 4289
What are the prime factors of 2455645?
5, 491129
List the prime factors of 304595.
5, 60919
What are the prime factors of 2111597?
2111597
List the prime factors of 2273230.
2, 5, 31, 7333
What are the prime factors of 398371?
131, 3041
What are the prime factors of 13575049?
53, 256133
List the prime factors of 32327.
32327
What are the prime factors of 132047?
132047
List the prime factors of 2016633.
3, 67, 79, 127
List the prime factors of 2391479.
83, 28813
What are the prime factors of 805069?
17, 23, 29, 71
List the prime factors of 15735467.
11, 89, 16073
List the prime factors of 1713513.
3, 41, 13931
List the prime factors of 518029.
23, 101, 223
List the prime factors of 813657.
3, 13, 31, 673
List the prime factors of 10631859.
3, 7, 59, 8581
List the prime factors of 1377860.
2, 5, 11, 6263
What are the prime factors of 2490376?
2, 7, 6353
What are the prime factors of 17206?
2, 7, 1229
What are the prime factors of 1029851?
31, 139, 239
What are the prime factors of 1484793?
3, 19, 457
List the prime factors of 1362157.
293, 4649
List the prime factors of 1285977.
3, 7, 11, 19, 293
List the prime factors of 105109.
89, 1181
List the prime factors of 5662687.
457, 12391
List the prime factors of 2969193.
3, 43, 23017
List the prime factors of 531570.
2, 3, 5, 13, 29, 47
List the prime factors of 701339.
23, 30493
List the prime factors of 294786.
2, 3, 53, 103
List the prime factors of 2476919.
29, 85411
What are the prime factors of 3890060?
2, 5, 19, 29, 353
What are the prime factors of 3640397?
17, 214141
List the prime factors of 4511584.
2, 7, 11, 1831
List the prime factors of 21603092.
2, 7, 101, 7639
What are the prime factors of 930635?
5, 373, 499
What are the prime factors of 220970?
2, 5, 19, 1163
List the prime factors of 4769971.
4769971
What are the prime factors of 3992861?
53, 75337
What are the prime factors of 1279734?
2, 3, 213289
List the prime factors of 200757.
3, 66919
What are the prime factors of 1575693?
3, 7, 397
List the prime factors of 311393.
311393
List the prime factors of 502546.
2, 11, 53, 431
List the prime factors of 5239367.
7, 748481
List the prime factors of 1536923.
139, 11057
What are the prime factors of 91066?
2, 45533
List 